{"id":248,"date":"2020-10-14T11:58:32","date_gmt":"2020-10-14T15:58:32","guid":{"rendered":"http:\/\/webdealta.info\/?page_id=248"},"modified":"2023-01-21T04:29:30","modified_gmt":"2023-01-21T08:29:30","slug":"directorio","status":"publish","type":"page","link":"https:\/\/webdealta.info\/?page_id=248","title":{"rendered":"DIRECTORIO TELEF\u00d3NICO"},"content":{"rendered":"\n<p><\/p>\n\n\n\n<h1 class=\"has-text-align-center has-vivid-red-color has-text-color wp-block-heading\">EMERGENCIAS<\/h1>\n\n\n\n<figure class=\"wp-block-table is-style-stripes\"><table class=\"has-background\" style=\"background-color:#e7f5fe\"><tbody><tr><td class=\"has-text-align-left\" data-align=\"left\"><strong>BOMBEROS<\/strong><\/td><td><strong>3342485<\/strong><\/td><\/tr><tr><td class=\"has-text-align-left\" data-align=\"left\"><strong>POLIGUARICO<\/strong><\/td><td><strong>334-0166<\/strong><\/td><\/tr><tr><td class=\"has-text-align-left\" data-align=\"left\"><strong>POLIC\u00cdA<\/strong> <strong>NACIONAL<\/strong><\/td><td><strong>334-1188<\/strong><\/td><\/tr><tr><td class=\"has-text-align-left\" data-align=\"left\"><strong>GUARDIA NACIONAL<\/strong><\/td><td><strong>334-2988<\/strong><\/td><\/tr><tr><td class=\"has-text-align-left\" data-align=\"left\"><strong>C.I.C.P.C<\/strong><\/td><td><strong>334-3166<\/strong><\/td><\/tr><tr><td class=\"has-text-align-left\" data-align=\"left\"><strong>PROTECCI\u00d3N CIVIL<\/strong><\/td><td><strong>334-4199<\/strong><\/td><\/tr><tr><td class=\"has-text-align-left\" data-align=\"left\"><strong>FISCALIA<\/strong> <strong>OCTAVA<\/strong><\/td><td><strong>334-3980<\/strong><\/td><\/tr><tr><td class=\"has-text-align-left\" data-align=\"left\"><strong>CONAS<\/strong><\/td><td><strong>0412 389-1141<\/strong><\/td><\/tr><tr><td class=\"has-text-align-left\" data-align=\"left\"><strong>COMANDO<\/strong> <strong>RURAL<\/strong><\/td><td><strong>0414 096-5108<\/strong><\/td><\/tr><tr><td class=\"has-text-align-left\" data-align=\"left\"><strong>A.D.I<\/strong><\/td><td><strong>0426 554-2716<\/strong><\/td><\/tr><\/tbody><\/table><figcaption class=\"wp-element-caption\">C\u00d3DIGO DE AREA (0238)<\/figcaption><\/figure>\n\n\n\n<h1 class=\"has-text-align-center has-vivid-red-color has-text-color wp-block-heading\"><strong>SALUD<\/strong><\/h1>\n\n\n\n<figure class=\"wp-block-table is-style-stripes\"><table class=\"has-background\" style=\"background-color:#fcf0ef\"><tbody><tr><td class=\"has-text-align-left\" data-align=\"left\"><strong>HOSPITAL<\/strong> <strong>JOS\u00c9<\/strong> <strong>FRANCISCO<\/strong> <strong>TORREALBA<\/strong><\/td><td><strong>334-1251<\/strong><\/td><\/tr><tr><td class=\"has-text-align-left\" data-align=\"left\"><strong>CENTRO M\u00c9DICO ORITUCO<\/strong><\/td><td><strong>334-1130<\/strong><\/td><\/tr><tr><td class=\"has-text-align-left\" data-align=\"left\"><strong>WHATSAPP CENTRO M\u00c9DICO ORITUCO<\/strong><\/td><td><strong>334-1634<\/strong><\/td><\/tr><tr><td class=\"has-text-align-left\" data-align=\"left\"><strong>POLICL\u00cdNICA<\/strong> <strong>DEL<\/strong> <strong>LLANO<\/strong><\/td><td><strong>334-3211<\/strong><\/td><\/tr><tr><td class=\"has-text-align-left\" data-align=\"left\"><strong>WHATSAPP<\/strong> <strong>POLICL\u00cdNICA<\/strong> <strong>DEL<\/strong> <strong>LLANO<\/strong><\/td><td><strong>0424 310-7121<\/strong><\/td><\/tr><tr><td class=\"has-text-align-left\" data-align=\"left\"><strong>GRUPO<\/strong> <strong>M\u00c9DICO<\/strong> <strong>SAN<\/strong> <strong>JOS\u00c9<\/strong><\/td><td><strong>0424 334-0774<\/strong><\/td><\/tr><tr><td class=\"has-text-align-left\" data-align=\"left\"><strong>IPASME<\/strong><\/td><td><strong>334-2981<\/strong><\/td><\/tr><tr><td class=\"has-text-align-left\" data-align=\"left\"><strong>CLINICA<\/strong> <strong>POPULAR<\/strong> <strong>IPARE<\/strong><\/td><td><strong>334-5766<\/strong><\/td><\/tr><\/tbody><\/table><figcaption class=\"wp-element-caption\">C\u00d3DIGO DE AREA (0238)<\/figcaption><\/figure>\n\n\n\n<h1 class=\"has-text-align-center has-vivid-red-color has-text-color wp-block-heading\"><strong>FARMACIAS<\/strong><\/h1>\n\n\n\n<figure class=\"wp-block-table is-style-stripes\"><table class=\"has-background\" style=\"background-color:#e7f5fe\"><tbody><tr><td class=\"has-text-align-left\" data-align=\"left\"><strong>SANTA ANA<\/strong><\/td><td><strong>3342663<\/strong><\/td><\/tr><tr><td class=\"has-text-align-left\" data-align=\"left\"><strong>EDYMAR<\/strong><\/td><td><strong>334-2536<\/strong><\/td><\/tr><tr><td class=\"has-text-align-left\" data-align=\"left\"><strong>CADUCEO<\/strong><\/td><td><strong>334-3789<\/strong><\/td><\/tr><tr><td class=\"has-text-align-left\" data-align=\"left\"><strong>CANDELARIA<\/strong><\/td><td><strong>334-1828<\/strong><\/td><\/tr><tr><td class=\"has-text-align-left\" data-align=\"left\"><strong>EL<\/strong> <strong>CHALA<\/strong><\/td><td><strong>334-0466<\/strong><\/td><\/tr><tr><td class=\"has-text-align-left\" data-align=\"left\"><strong>EL SOL<\/strong><\/td><td><strong>334-3552<\/strong><\/td><\/tr><tr><td class=\"has-text-align-left\" data-align=\"left\"><strong>ALTAGRACIA<\/strong><\/td><td><strong>334-3636<\/strong><\/td><\/tr><tr><td class=\"has-text-align-left\" data-align=\"left\"><strong>LAS CAROLINAS<\/strong><\/td><td><strong>0424-1415961<\/strong><\/td><\/tr><tr><td class=\"has-text-align-left\" data-align=\"left\"><strong>POLICLINICA<\/strong><\/td><td><strong>334-4371<\/strong><\/td><\/tr><tr><td class=\"has-text-align-left\" data-align=\"left\"><strong>GRACITANA<\/strong><\/td><td><strong>334-2360<\/strong><\/td><\/tr><tr><td class=\"has-text-align-left\" data-align=\"left\"><strong>GRACITANA<\/strong> 2<\/td><td><strong>334-2194<\/strong><\/td><\/tr><tr><td class=\"has-text-align-left\" data-align=\"left\"><strong>GRACITANA 3<\/strong><\/td><td><strong>334-1052<\/strong><\/td><\/tr><tr><td class=\"has-text-align-left\" data-align=\"left\"><strong>SANTA ANA 2<\/strong><\/td><td><strong>334-2834<\/strong><\/td><\/tr><tr><td class=\"has-text-align-left\" data-align=\"left\"><strong>GALENICA<\/strong><\/td><td><strong>334-3812<\/strong><\/td><\/tr><tr><td class=\"has-text-align-left\" data-align=\"left\"><strong>ISAFARMA<\/strong> <\/td><td><strong>334-3656<\/strong><\/td><\/tr><tr><td class=\"has-text-align-left\" data-align=\"left\"><strong>FARMACIA <\/strong> <strong>POPULAR<\/strong> <strong>GU\u00c1RICO<\/strong> <\/td><td><strong>0412 565-2282<\/strong><\/td><\/tr><\/tbody><\/table><figcaption class=\"wp-element-caption\">C\u00d3DIGO DE AREA (0238)<\/figcaption><\/figure>\n\n\n\n<h1 class=\"has-text-align-center has-vivid-red-color has-text-color wp-block-heading\"><strong>SERVICIOS<\/strong><\/h1>\n\n\n\n<figure class=\"wp-block-table is-style-stripes\"><table class=\"has-background\" style=\"background-color:#fcf0ef\"><tbody><tr><td><\/td><td><\/td><\/tr><tr><td><strong>PLANTA DE TRATAMIENTO CHAPAIGUANA<\/strong><\/td><td><strong>334-3938<\/strong><\/td><\/tr><tr><td><strong>OFICINA<\/strong> <strong>CORPOELEC<\/strong><\/td><td><strong>334-3949<\/strong><br><strong>334-3421<\/strong><\/td><\/tr><tr><td><strong>ACTIVA<\/strong> <strong>104.9<\/strong> <strong>FM<\/strong><\/td><td><strong>334-0655<\/strong><\/td><\/tr><tr><td><strong>ASEO<\/strong> <strong>URBANO<\/strong><\/td><td><strong>0426-145-7106<\/strong><\/td><\/tr><tr><td><strong>PLANTA<\/strong> <strong>DE<\/strong> <strong>LLENADO<\/strong><\/td><td><strong>334-1524<\/strong><\/td><\/tr><tr><td><strong>RADELCO<\/strong><\/td><td><strong>334-3483<\/strong><\/td><\/tr><tr><td><strong>EST<\/strong>. <strong>SERV<\/strong>. <strong>ORITUCO<\/strong><\/td><td><strong>334-1825<\/strong><\/td><\/tr><tr><td><strong>EST<\/strong>. <strong>SERV<\/strong>. <strong>LA<\/strong> <strong>PALMA<\/strong><\/td><td><strong>334-3339<\/strong><\/td><\/tr><tr><td><strong>EST<\/strong>. <strong>SERV<\/strong>. <strong>URIMARE<\/strong><\/td><td><strong>334-4631<\/strong><\/td><\/tr><tr><td><strong>TAXI<\/strong> <strong>GUAIQUERIES<\/strong><\/td><td><strong>334-4203<\/strong><\/td><\/tr><tr><td><strong>TAXI<\/strong> <strong>ORITUCO<\/strong><\/td><td><strong>334-1197<\/strong><\/td><\/tr><tr><td><strong>PARADA<\/strong> <strong>CARACAS<\/strong> <strong>HERMANOS<\/strong> <strong>UNIDOS<\/strong><\/td><td><strong>0412 9595432<\/strong><\/td><\/tr><tr><td><strong>COLECTIVOS<\/strong> <strong>ALTAGRACIA<\/strong><\/td><td><strong>0412 435-9115<\/strong><\/td><\/tr><tr><td><strong>HOTEL<\/strong> <strong>AMAZOR<\/strong><\/td><td><strong>0414 948-4056<\/strong><\/td><\/tr><tr><td><strong>HOTEL<\/strong> <strong>CANASTRO<\/strong><\/td><td><strong>334-3442<\/strong><\/td><\/tr><\/tbody><\/table><figcaption class=\"wp-element-caption\"><strong>C\u00d3DIGO DE AREA (0238)<\/strong><\/figcaption><\/figure>\n\n\n\n<p>Si desea colaborar con alg\u00fan n\u00famero telef\u00f3nico escriba a: 0412 4677485<\/p>\n\n\n\n<p>Ultima Actualizaci\u00f3n: 19\/01\/2023<\/p>\n","protected":false},"excerpt":{"rendered":"<p>EMERGENCIAS BOMBEROS 3342485 POLIGUARICO 334-0166 POLIC\u00cdA NACIONAL 334-1188 GUARDIA NACIONAL 334-2988 C.I.C.P.C 334-3166 PROTECCI\u00d3N CIVIL 334-4199 FISCALIA OCTAVA 334-3980 CONAS 0412 389-1141 COMANDO RURAL 0414 096-5108 A.D.I 0426 554-2716 C\u00d3DIGO DE AREA (0238) SALUD HOSPITAL JOS\u00c9 FRANCISCO TORREALBA 334-1251 CENTRO M\u00c9DICO ORITUCO 334-1130 WHATSAPP CENTRO M\u00c9DICO ORITUCO 334-1634 POLICL\u00cdNICA DEL<\/p>\n","protected":false},"author":3,"featured_media":6251,"parent":0,"menu_order":0,"comment_status":"closed","ping_status":"closed","template":"","meta":{"advanced_seo_description":"","jetpack_seo_html_title":"","jetpack_seo_noindex":false,"footnotes":""},"class_list":["post-248","page","type-page","status-publish","has-post-thumbnail","hentry",""],"jetpack_sharing_enabled":true,"jetpack_likes_enabled":true,"jetpack-related-posts":[],"jetpack_shortlink":"https:\/\/wp.me\/PcseDn-40","_links":{"self":[{"href":"https:\/\/webdealta.info\/index.php?rest_route=\/wp\/v2\/pages\/248","targetHints":{"allow":["GET"]}}],"collection":[{"href":"https:\/\/webdealta.info\/index.php?rest_route=\/wp\/v2\/pages"}],"about":[{"href":"https:\/\/webdealta.info\/index.php?rest_route=\/wp\/v2\/types\/page"}],"author":[{"embeddable":true,"href":"https:\/\/webdealta.info\/index.php?rest_route=\/wp\/v2\/users\/3"}],"replies":[{"embeddable":true,"href":"https:\/\/webdealta.info\/index.php?rest_route=%2Fwp%2Fv2%2Fcomments&post=248"}],"version-history":[{"count":42,"href":"https:\/\/webdealta.info\/index.php?rest_route=\/wp\/v2\/pages\/248\/revisions"}],"predecessor-version":[{"id":6308,"href":"https:\/\/webdealta.info\/index.php?rest_route=\/wp\/v2\/pages\/248\/revisions\/6308"}],"wp:featuredmedia":[{"embeddable":true,"href":"https:\/\/webdealta.info\/index.php?rest_route=\/wp\/v2\/media\/6251"}],"wp:attachment":[{"href":"https:\/\/webdealta.info\/index.php?rest_route=%2Fwp%2Fv2%2Fmedia&parent=248"}],"curies":[{"name":"wp","href":"https:\/\/api.w.org\/{rel}","templated":true}]}}